) + -7 + -19 + 28 + 7.
10
Calculate (2 - (-2 + 0)) + 3 + -22 + 3.
-12
-14 + (-18 - -19 - -5)
-8
What is the value of 0 + 8 + -11 + 6 + 10?
13
What is (-194 - -188) + (-1 - -4) + 26?
23
Evaluate -2 - -9 - -10 - 13.
4
What is 16 - (-23 + 33 + -13)?
19
Evaluate 13 + (-9 + 4 - (-10 - 1)).
19
Evaluate -15 + -6 - (18 - 47).
8
What is (6 + -2 - 2) + 10 + -3?
9
What is the value of (-6 - (3 + -7)) + 3 + 1 + -3?
-1
What is 6 - (24 + 1 + -10)?
-9
Evaluate -13 + 26 + -2 - 17.
-6
What is -1 - ((-25 - (-2 + 5 + -9)) + 8)?
10
What is 11 - (4 - -17) - -23?
13
What is (19 - 31) + 19 + 10 + 0?
17
(-8 - (-11 + 10)) + 10
3
Evaluate -11 + 5 + 1 - (-12 - -8) - 2.
-3
What is the value of 2 - 16 - (21 - (14 + 18))?
-3
(-807 - -821) + (11 + 1 - (-5 - -7))
24
Calculate (3 - (9 - 23 - -3)) + -27.
-13
Evaluate (-15 - (-29 - -13) - 4) + (-1 - -28).
24
What is 14 - 5 - (0 - -7)?
2
What is 3 - -42 - (-5 + 35)?
15
Calculate -386 + 377 - (3 + (-27 - -1) + -2).
16
What is 0 + 0 + -4 + 7 + 3 + -9?
-3
Evaluate -10 + 0 + 0 + (116 - 122).
-16
Calculate -1 + 19 + -16 + (8 - 19).
-9
(-49 - (0 + -21)) + 34
6
Calculate -8 + 1 - (70 + -89 - (-5 - 22)).
-15
Evaluate (18 - 7) + (40 - 48).
3
Calculate 23 - (16 + -40 + 26).
21
10 + -17 + 9 + -11
-9
Evaluate -6 - (0 + -5 - (3 - (11 + -27))).
18
What is 0 + -9 - (-1 + -3)?
-5
(3 - 15) + (27 - 33 - -11)
-7
Evaluate 1 + (7 - 2) + (-7 - -5) + -1.
3
What is the value of -4 + (-2 - -3 - -3) - (14 - 2)?
-12
Calculate 1 - 1 - (11 - (-8 - -14)).
-5
What is the value of 3 + -8 + 36 + (-16 - -4)?
19
What is -6 + -4 + 0 + 23 + -12?
1
What is -4 + (8 - (9 - 5))?
0
What is the value of 9 + (13 - 0 - 27)?
-5
What is 14 + -9 + (-9 + 13 - -12)?
21
Evaluate (-12 - 0) + 0 + 2 - (19 + -21).
-8
What is -9 + 1 + 2 + 2 - (-33 - -39)?
-10
-8 + -9 + 8 - ((5 - -4) + 1)
-19
-1 - (-2 + 1 - (49 + -43))
6
Calculate (-12 - -2) + 34 + -9.
15
Calculate -5 - ((-59 - -63) + 15 + 0 + -2).
-22
What is 5 + (-21 - -4) - 1?
-13
What is the value of (-14 - -12 - -2) + 7 - 4?
3
Calculate (1 - 2) + -8 + (10 - 0).
1
(-5 - (-11 + -4)) + (5 - 2) - 1
12
Calculate (16 - 10) + (5 - 7) + -1 + -3.
0
Evaluate -23 - (13 - (-1 + 33)).
-4
What is the value of 1 + (-7 - -9) - 3?
0
-14 + (6 - 2) + 16
6
17 - 12 - -8 - -11 - 3
21
Calculate (-2 - -15) + 58 + -72 + -18.
-19
What is the value of 3 - 2 - ((-3 - 4) + (-5 - -8))?
5
What is 10 - (2 + 2) - (16 + 7 + -13)?
-4
Calculate -4 + 1 + (-5 - (15 + -30 + 6)).
1
What is 8 + 4 + -22 + 4?
-6
What is the value of -4 - (-26 - -27) - (8 - 0)?
-13
-8 - (9 + 12 + (-8 - 12) - 29)
20
What is -15 + 23 - ((29 - 28) + 1 + -1)?
7
Calculate 26 - 32 - (1 - 14).
7
(-25 - (28 - 54)) + -20
-19
Calculate -13 - ((-29 - (-6 - -9)) + -16).
35
Calculate -35 - ((-49 - -26) + -45).
33
What is -5 + 25 + (-8 - 6) - 13?
-7
Evaluate (-19 - -25) + (-35 - (1 - 6)).
-24
Evaluate 3 + -2 + 33 - (10 - -5).
19
Calculate 36 - 40 - (0 + 8).
-12
What is the value of 0 + 1 + -18 + -3 + 11?
-9
Evaluate (-5 - -16 - (3 - -4)) + -26.
-22
What is (-37 + 30 - (8 - 2)) + -8?
-21
20 + -14 + -10 - (0 + -2 + 3)
-5
-21 + 10 + -1 - -5
-7
Evaluate 5 + (2 - 57 - -5) + 41 + -32.
-36
Calculate 13 + -39 + (-4 - -13) + 9.
-8
What is the value of -17 + (20 - 21) + 6?
-12
What is -2 + 17 - (-90 - -106)?
-1
Calculate 16 + -1 - (7 + (8 - -6)).
-6
What is the value of 2 - -2 - -1 - (-42 + 11 + 26)?
10
-24 + 27 - (7 - 2 - (-1 - -24))
21
Evaluate (-19 + 33 - 25) + 0.
-11
Calculate (76 - 65) + (-9 - -2) + 8.
12
(-2 - 14) + (99 - 80)
3
Evaluate -16 + (-1 - -8) + 4 + -2.
-7
Evaluate 10 + -6 + 18 + (1 - -5) + 1.
29
Calculate 3 + -5 + (14 - 11 - -4).
5
Calculate 2931 + -2922 - ((0 - -1) + -21).
29
-29 - (-18 - (1 + -12))
-22
-4 - (-13 - (-11 - -17))
15
Calculate -6 + (7 + -4 - (2 + -1) - -5).
1
What is -4 + -17 + (14 - (-6 - -9)) + -5?
-15
Evaluate -14 - 1 - (-264 + 250).
-1
-7 + (-17 - (-30 - -8))
-2
5 + -1 + (-13 - 1) - (-23 - -16)
-3
What is (4 - -2) + (6 - -8 - (83 + -77))?
14
What is the value of 996 - 990 - (1 + 0)?
5
Evaluate 5 + -10 + (-33 - -48).
10
Evaluate (-3 - (-6 + 3)) + (1 - 11).
-10
What is 0 + -1 + -1 + (12 - 3) + -3?
4
(-9 - (-16 - 10)) + -21 - (-1 - 15)
12
What is 15 - (-5 - -25 - 20)?
15
What is -1 - ((0 - -3) + (-17 - -3))?
10
Calculate 17 - (33 + -7) - -21.
12
What is the value of (27 - 7) + -10 + (-13 - 3)?
-6
What is 9 + -74 + 38 + 17?
-10
What is the value of 0 - (-1 - -18 - (38 - 35))?
-14
What is -3 + 2 + -3 + -2?
-6
Calculate -19 + (17 + -9 - -7 - 9).
-13
What is the value of -49 + 19 + 24 + (-2 + 1 - 0)?
-7
Calculate -7 + (-20 - (8 - 39)).
4
(13 - (8 - 1)) + 1 + 4
11
What is (-595 - -599) + (-17 - 0)?
-13
What is 4 + 1 + 0 + 7 + (0 - -14)?
26
What is (-23 - 6 - -16) + (-2 - -1 - -3)?
-11
What is the value of 45 + 13 + -99 + 2?
-39
What is (1 - 2) + -240 + 250?
9
Evaluate 9 + -7 - ((-2 - 9) + 3) - 41.
-31
What is -1 + -13 - (-2 + -5) - -2?
-5
529 + -527 - (1 + -11 + -1)
13
What is -8 - (-10 - 18) - (4 + 6)?
10
(15 - 22 - -9) + (-2 + 4 - 6)
-2
What is the value of 2 - (10 + (-16 - -10) - (1 + 13))?
12
Calculate 42 - 19 - (0 - -12).
11
Evaluate 0 - 0 - (10 - (-12 + 19)).
-3
What is the value of 6 + (6 - 10 - (4 + 1))?
-3
2 + (0 + -4 - 1 - (2 - 2))
-3
What is the value of (38 - 13) + -44 + 5?
-14
Calculate -41 + 45 - -11 - (15 + -1).
1
What is the value of -765 + 769 + (-1 - 18)?
-15
Calculate -187 + 158 + (-4 - (-6 - (-3 - 0))).
-30
38 + -37 + 35 + (3 - 15)
24
What is -7 + -1 + 7 + (-49 - -51) - 16?
-15
-1 - ((7 - (7 - -8) - 13) + 12)
8
(-1 - -1) + (10 - (4 + -5 - 4))
15
What is the value of 8 + -2 + (9 - 26 - -4)?
-7
Evaluate 7 - (32 + -54) - 32.
-3
Calculate 2 + -4 + -4 + (-18 - 12) + 24.
-12
Calculate -1 + 12 + 1 - (91 - (-15 - -114)).
20
Calculate (2 - (0 - 12)) + -16 + 16.
14
Evaluate (17 + (-14 - 1) - (28 + -1)) + 9.
-16
Calculate -6 - (-2 + 15 - -6).
-25
Evaluate (0 - -5) + -1 - (1 - (-4 + -1)).
-2
What is 8 + (-25 + 17 - (2 + -3 - 13))?
14
What is the value of -6 - ((-1 - 1) + 6) - -7?
-3
Evaluate -5 + 20 - 6 - (11 + -5).
3
-27 + 33 + -3 + -9 + 3
-3
What is (44 - (35 - 1)) + 0 + 1 + -4?
7
What is the value of 3 + (9 - 0 - (-6 + 12)) + -19?
-13
-8 + -23 + 40 + -21
-12
What is the value of -7 + 8 + -3 - (-8 + -10 + -4)?
20
What is the value of 7 + (-6 - 9 - 3) - 9?
-20
-31 - (16 + 8 + -22) - -6
-27
What is (-1 - 12) + (4 - (-3 + 7))?
-13
What is the value of 12 + (13 - 89 - -44)?
-20
What is the value of -15 + (13 - -11) - 2?
7
(-89 - -115) + -10 + 0 - (2 - 0)
14
-2 + 4 + -11 + -11 + 14
-6
What is the value of -9 - (-3 + (-6 - -16))?
-16
Calculate (-18 - (5 + -10) - -7) + (4 - 1).
-3
Evaluate -43 + 10 + (8 - -20).
-5
Evaluate 1 - (-12 + (2 - -6)).
5
Calculate (-83 - -30 - -53) + (-13 - 1).
-14
Evaluate (1 - (-3 + 0)) + 0 - (0 + -2).
6
Evaluate (-4 - (-13 - 27)) + (-10 - (3 + -5)).
28
What is 10 + (7 - 3 - -10)?
24
What is -2 + 0 - (-14 + 27 + (-2 - -2))?
-15
Evaluate (362 - 361) + -1 + 25.
25
Evaluate (-10 - -1) + (-39 - -8) + 18.
-22
-13 - (-35 + 19 - (-10 + -1))
-8
(-13 - (2 + 6 - 10)) + 1 + 5
-5
What is the value of 1 - (10 + -5) - 0?
-4
Evaluate -6 - ((54 - 54) + (-5 - (-1 + 1))).
-1
Calculate -7 + 4 + 2 - (5 - 17).
11
(0 + 3 - (35 + -23 - 44)) + 3
38
What is -13 - (-34 + (26 - (10 - -1)))?
6
What is the value of 1 + (1 - (2 - 1)) + (-412 - -402)?
-9
What is 76 + -84 + (-4 - -18)?
6
What is the value of 1 + 11 + (181 - 184)?
9
What is -5 - (-2 + 5) - -8?
0
Calculate -134 + 126 - (-2 + 28).
-34
What is (-11 + (-9 - (-18 + -8)) - -40) + -11?
35
3 - (2 + (23 - 3) + -22 + 17)
-14
What is the value of -18 + (5 - -7) - 6?
-12
What is the value of -2 + 15 + -6 + 14?
21
(13 - 29) + (-20 - -12) + 15
-9
What is (4 - -1) + (-52 - -20 - -7) - -8?
-12
Calculate -10 + (200 - 198 - (10 + 1)).
-19
What is -6 + (-128 - -101) + (14 - 2)?
-21
Calculate 25 + -30 + 12 + (1 - 16).
-8
Calculate (3 - 8) + (20 - 3 - (2 - -3)).
7
What is 11 + -32 + 14 + 6?
-1
What is the value of 5 + -4 + -27 - -56?
30
Calculate -9 + 33 - 4 - 6.
14
Calculate 12 - ((6 - -9) + -7).
4
Calculate 2 + (2 - 2) - (12 + (24 - 30)).
-4
Evaluate -2 - 7 - (43 - 45).
-7
8 - (13 - -1) - -13
7
-191 + 192 + -2 + -4 + -2
-7
-16 - -7 - 17 - (-9 - 0) - 2
-19
Evaluate (-12 - (-10 + 14)) + 41 + -11.
14
What is the value of (3 - 7 - -1 - -6) + -3 - 7?
-7
(0 - 4) + -7 + 9 - 4
-6
What is 3 + ((-7 - -9) + -1 + 5 - 2)?
7
Calculate 25 + (-14 + 22